18079285?
7
What is the ten thousands digit of 195837?
9
What is the thousands digit of 550682?
0
What is the ten thousands digit of 9011612?
1
What is the hundred thousands digit of 9366761?
3
What is the thousands digit of 384639?
4
What is the hundred thousands digit of 4855938?
8
What is the thousands digit of 1108291?
8
What is the ten thousands digit of 25193520?
9
What is the hundreds digit of 68641?
6
What is the hundreds digit of 651233?
2
What is the hundred thousands digit of 1704925?
7
What is the ten thousands digit of 397299?
9
What is the units digit of 200666?
6
What is the millions digit of 9278661?
9
What is the thousands digit of 4350449?
0
What is the thousands digit of 150492?
0
What is the hundred thousands digit of 1806495?
8
What is the thousands digit of 452187?
2
What is the ten thousands digit of 524321?
2
What is the units digit of 416008?
8
What is the hundred thousands digit of 876004?
8
What is the tens digit of 2582714?
1
What is the millions digit of 2012520?
2
What is the units digit of 19767794?
4
What is the ten thousands digit of 3641302?
4
What is the hundreds digit of 3048322?
3
What is the hundreds digit of 18573012?
0
What is the thousands digit of 1240667?
0
What is the millions digit of 19417247?
9
What is the thousands digit of 900057?
0
What is the units digit of 630869?
9
What is the hundred thousands digit of 2062913?
0
What is the hundreds digit of 14763244?
2
What is the millions digit of 2850785?
2
What is the hundred thousands digit of 928405?
9
What is the tens digit of 2264794?
9
What is the hundreds digit of 863701?
7
What is the ten thousands digit of 232342?
3
What is the hundred thousands digit of 274925?
2
What is the ten thousands digit of 425218?
2
What is the thousands digit of 2889591?
9
What is the hundreds digit of 8887115?
1
What is the hundred thousands digit of 152186?
1
What is the ten millions digit of 10723361?
1
What is the ten thousands digit of 198233?
9
What is the tens digit of 2226878?
7
What is the millions digit of 1904145?
1
What is the units digit of 4903500?
0
What is the hundreds digit of 1695859?
8
What is the tens digit of 270632?
3
What is the thousands digit of 1558393?
8
What is the tens digit of 8570494?
9
What is the tens digit of 184401?
0
What is the units digit of 637072?
2
What is the hundreds digit of 710475?
4
What is the thousands digit of 860721?
0
What is the units digit of 1585238?
8
What is the hundreds digit of 9714795?
7
What is the tens digit of 267619?
1
What is the thousands digit of 1949427?
9
What is the hundreds digit of 129610?
6
What is the ten thousands digit of 228667?
2
What is the hundreds digit of 2990048?
0
What is the hundred thousands digit of 6422339?
4
What is the ten thousands digit of 165675?
6
What is the units digit of 6841541?
1
What is the ten thousands digit of 9295483?
9
What is the hundreds digit of 2824078?
0
What is the hundred thousands digit of 317309?
3
What is the ten millions digit of 15879404?
1
What is the hundreds digit of 3745853?
8
What is the hundreds digit of 824331?
3
What is the hundreds digit of 4277325?
3
What is the tens digit of 627771?
7
What is the thousands digit of 522336?
2
What is the units digit of 2805023?
3
What is the thousands digit of 562058?
2
What is the thousands digit of 1728602?
8
What is the hundred thousands digit of 10141212?
1
What is the tens digit of 33947379?
7
What is the units digit of 56177?
7
What is the ten millions digit of 17689035?
1
What is the ten thousands digit of 4090185?
9
What is the ten thousands digit of 1877698?
7
What is the hundred thousands digit of 21563078?
5
What is the millions digit of 13382070?
3
What is the tens digit of 22338009?
0
What is the tens digit of 2329106?
0
What is the hundred thousands digit of 368637?
3
What is the units digit of 38107?
7
What is the hundreds digit of 502284?
2
What is the tens digit of 13733827?
2
What is the thousands digit of 991887?
1
What is the ten thousands digit of 7806668?
0
What is the hundred thousands digit of 383409?
3
What is the thousands digit of 1198747?
8
What is the hundreds digit of 2975237?
2
What is the units digit of 18542646?
6
What is the hundreds digit of 345519?
5
What is the ten thousands digit of 1089874?
8
What is the hundreds digit of 78465?
4
What is the thousands digit of 725710?
5
What is the units digit of 8373885?
5
What is the hundreds digit of 187476?
4
What is the units digit of 436406?
6
What is the hundred thousands digit of 956094?
9
What is the hundreds digit of 236266?
2
What is the hundreds digit of 43245?
2
What is the units digit of 19432?
2
What is the hundreds digit of 136280?
2
What is the ten thousands digit of 212977?
1
What is the hundred thousands digit of 309319?
3
What is the hundreds digit of 1322002?
0
What is the units digit of 5314163?
3
What is the ten thousands digit of 143818?
4
What is the hundreds digit of 156115?
1
What is the units digit of 3107878?
8
What is the hundred thousands digit of 20325073?
3
What is the tens digit of 17422?
2
What is the tens digit of 978612?
1
What is the tens digit of 88368?
6
What is the thousands digit of 9744272?
4
What is the units digit of 7113521?
1
What is the ten thousands digit of 291394?
9
What is the tens digit of 2543769?
6
What is the hundreds digit of 5622706?
7
What is the tens digit of 296109?
0
What is the tens digit of 3303363?
6
What is the tens digit of 5773084?
8
What is the tens digit of 17766739?
3
What is the units digit of 267187?
7
What is the ten thousands digit of 3868528?
6
What is the tens digit of 15761763?
6
What is the hundreds digit of 234357?
3
What is the hundreds digit of 156713?
7
What is the thousands digit of 33834870?
4
What is the millions digit of 1617785?
1
What is the thousands digit of 238787?
8
What is the hundred thousands digit of 18742388?
7
What is the ten thousands digit of 747905?
4
What is the ten thousands digit of 1722446?
2
What is the millions digit of 25599125?
5
What is the tens digit of 720088?
8
What is the thousands digit of 6608857?
8
What is the hundreds digit of 3543341?
3
What is the tens digit of 940201?
0
What is the hundreds digit of 2473474?
4
What is the hundreds digit of 131320?
3
What is the thousands digit of 13347089?
7
What is the thousands digit of 6256571?
6
What is the hundred thousands digit of 1179526?
1
What is the hundred thousands digit of 1500365?
5
What is the thousands digit of 5810?
5
What is the units digit of 5729672?
2
What is the tens digit of 3473955?
5
What is the tens digit of 30617?
1
What is the ten thousands digit of 1069480?
6
What is the millions digit of 1662288?
1
What is the units digit of 1333067?
7
What is the millions digit of 2559371?
2
What is the tens digit of 237163?
6
What is the tens digit of 5228874?
7
What is the ten thousands digit of 135995?
3
What is the ten thousands digit of 20538545?
3
What is the hundreds digit of 6106503?
5
What is the tens digit of 2304449?
4
What is the hundred thousands digit of 121600?
1
What is the units digit of 266144?
4
What is the tens digit of 10247674?
7
What is the ten thousands digit of 2467521?
6
What is the millions digit of 18191261?
8
What is the millions digit of 7981768?
7
What is the ten thousands digit of 461960?
6
What is the ten thousands digit of 181194?
8
What is the hundred thousands digit of 10702553?
7
What is the thousands digit of 255908?
5
What is the tens digit of 2590304?
0
What is the hundreds digit of 3034882?
8
What is the hundreds digit of 196283?
2
What is the thousands digit of 8755425?
5
What is the tens digit of 343810?
1
What is the hundred thousands digit of 198193?
1
What is the millions digit of 32719498?
2
What is the thousands digit of 1814871?
4
What is the tens digit of 624562?
6
What is the units digit of 1556049?
9
What is the ten thousands digit of 843176?
4
What is the ten millions digit of 38693048?
3
What is the tens digit of 13245?
4
What is the hundred thousands digit of 1560662?
5
What is the ten thousands digit of 430680?
3
What is the hundreds digit of 2503139?
1
What is the hundred thousands digit of 3060360?
0
What is the hundred thousands digit of 5042416?
0
What is the tens digit of 849028?
2
What is the hundreds dig